of 120328617?
3, 23, 103, 16931
What are the prime factors of 4068851020?
2, 5, 13, 1511, 10357
What are the prime factors of 307681254?
2, 3, 43, 14723
List the prime factors of 350576409.
3, 701, 166703
What are the prime factors of 81992293?
81992293
List the prime factors of 4836098.
2, 29, 199, 419
What are the prime factors of 96748826?
2, 983, 49211
List the prime factors of 199545681.
3, 383, 173669
List the prime factors of 2303033775.
3, 5, 7, 17, 43, 353
What are the prime factors of 211386090?
2, 3, 5, 7046203
What are the prime factors of 335996335?
5, 67199267
List the prime factors of 1604393204.
2, 401098301
What are the prime factors of 49100235?
3, 5, 3273349
List the prime factors of 79437515.
5, 17, 23, 179, 227
List the prime factors of 524676440.
2, 5, 17, 771583
What are the prime factors of 2679704665?
5, 11, 48721903
List the prime factors of 2746022319.
3, 409, 745999
What are the prime factors of 44357903?
2179, 20357
What are the prime factors of 4852779942?
2, 3, 808796657
What are the prime factors of 50145203?
50145203
List the prime factors of 86006087.
5081, 16927
List the prime factors of 16889465.
5, 3377893
What are the prime factors of 328925888?
2, 29, 177223
What are the prime factors of 359868958?
2, 193, 932303
What are the prime factors of 529853114?
2, 7, 19, 1991929
List the prime factors of 6541816.
2, 817727
What are the prime factors of 137233783?
151, 199, 4567
List the prime factors of 885218964.
2, 3, 7, 10538321
What are the prime factors of 5285362214?
2, 11, 233, 409, 2521
List the prime factors of 131355065.
5, 29, 905897
List the prime factors of 1540020778.
2, 9311, 82699
What are the prime factors of 1299380369?
7, 185625767
What are the prime factors of 43385490?
2, 3, 5, 160687
What are the prime factors of 181135973?
11243, 16111
List the prime factors of 2158663867.
4657, 463531
What are the prime factors of 80389093?
59, 1033, 1319
List the prime factors of 255449142.
2, 3, 13, 1091663
What are the prime factors of 1416428?
2, 13, 27239
What are the prime factors of 52972264?
2, 6621533
What are the prime factors of 588958267?
37, 15917791
What are the prime factors of 62972045?
5, 23, 547583
What are the prime factors of 86109674?
2, 7, 59, 61, 1709
What are the prime factors of 18151379?
18151379
List the prime factors of 245006314.
2, 7, 17500451
What are the prime factors of 190680490?
2, 5, 7, 11, 13, 43, 443
What are the prime factors of 93626382?
2, 3, 103, 151499
What are the prime factors of 459546618?
2, 3, 17, 97, 46447
What are the prime factors of 60633807?
3, 13, 19, 47, 1741
What are the prime factors of 117249102?
2, 3, 17, 107, 3581
What are the prime factors of 19399762?
2, 211, 45971
List the prime factors of 1394602944.
2, 3, 7, 89, 131
List the prime factors of 606747901.
17, 97, 367949
List the prime factors of 233638179.
3, 67, 73, 15923
List the prime factors of 42898851.
3, 4766539
What are the prime factors of 543247666?
2, 13, 2309, 9049
List the prime factors of 132269081.
7, 2699369
What are the prime factors of 348306926?
2, 11, 15832133
List the prime factors of 2514718143.
3, 7, 4435129
What are the prime factors of 93961753?
2137, 43969
What are the prime factors of 242433367?
11, 22039397
List the prime factors of 34128445.
5, 13, 109, 4817
List the prime factors of 736999166.
2, 23, 631, 25391
List the prime factors of 1675423109.
23, 283, 257401
List the prime factors of 3700768650.
2, 3, 5, 41, 601751
What are the prime factors of 73514339?
53, 26171
List the prime factors of 8915655192.
2, 3, 6659, 55787
List the prime factors of 85169280.
2, 3, 5, 7, 6337
What are the prime factors of 58178782?
2, 269, 108139
What are the prime factors of 53279569?
7, 23, 149, 2221
List the prime factors of 488531594.
2, 244265797
List the prime factors of 76806420.
2, 3, 5, 1280107
What are the prime factors of 1076608066?
2, 751, 716783
What are the prime factors of 625762764?
2, 3, 11, 557, 2837
List the prime factors of 275075114.
2, 47, 83, 35257
List the prime factors of 2200941936.
2, 3, 5094773
What are the prime factors of 84257250?
2, 3, 5, 7, 11, 1459
What are the prime factors of 636429496?
2, 79553687
List the prime factors of 257034301.
37, 2039, 3407
What are the prime factors of 5661610?
2, 5, 566161
What are the prime factors of 736538941?
736538941
List the prime factors of 2505864911.
11, 79, 157, 18367
List the prime factors of 847463411.
257, 863, 3821
What are the prime factors of 133992458?
2, 101, 439, 1511
List the prime factors of 921989760.
2, 3, 5, 480203
What are the prime factors of 62280111?
3, 97, 214021
What are the prime factors of 2057183458?
2, 11, 93508339
List the prime factors of 59099429.
17, 947, 3671
List the prime factors of 1901907017.
337, 5643641
List the prime factors of 2002565207.
5197, 385331
List the prime factors of 31154416.
2, 1947151
List the prime factors of 1842505109.
41, 44939149
List the prime factors of 2659610453.
2659610453
List the prime factors of 8671936.
2, 7, 13, 1489
What are the prime factors of 24900285?
3, 5, 31, 53549
List the prime factors of 105543674.
2, 6029, 8753
What are the prime factors of 71258407?
11, 17, 381061
What are the prime factors of 43597593?
3, 13, 372629
List the prime factors of 6733393852.
2, 2677, 628819
What are the prime factors of 23301448?
2, 19, 41, 3739
What are the prime factors of 1675595884?
2, 418898971
What are the prime factors of 108003148?
2, 11, 37, 163
What are the prime factors of 783598364?
2, 89, 2201119
List the prime factors of 146728840.
2, 5, 3668221
What are the prime factors of 47208809?
4159, 11351
What are the prime factors of 86610854?
2, 11, 19, 383, 541
List the prime factors of 89776601.
1471, 61031
List the prime factors of 464189556.
2, 3, 17, 2275439
What are the prime factors of 12394686?
2, 3, 53, 38977
List the prime factors of 71651064.
2, 3, 173, 17257
What are the prime factors of 93907397?
163, 576119
What are the prime factors of 709103109?
3, 11, 13, 1652921
What are the prime factors of 5245868003?
59, 88913017
List the prime factors of 267413130.
2, 3, 5, 31, 43, 743
List the prime factors of 18994116.
2, 3, 1163, 1361
List the prime factors of 219774993.
3, 521, 140611
What are the prime factors of 295726350?
2, 3, 5, 47, 41947
List the prime factors of 2110140746.
2, 7, 29, 67, 77573
List the prime factors of 1215425828.
2, 47, 67, 96493
List the prime factors of 566312616.
2, 3, 7865453
What are the prime factors of 4926258195?
3, 5, 328417213
List the prime factors of 290563296.
2, 3, 29, 104369
List the prime factors of 5183981.
11, 151, 3121
What are the prime factors of 1520355242?
2, 7, 1249, 12421
What are the prime factors of 157105725?
3, 5, 7, 47, 6367
What are the prime factors of 83538359?
83538359
List the prime factors of 604091824.
2, 7, 5393677
What are the prime factors of 2601892059?
3, 13, 37, 53, 2617
List the prime factors of 4540971540.
2, 3, 5, 7, 139, 77783
What are the prime factors of 2177289362?
2, 1088644681
List the prime factors of 432433296.
2, 3, 1001003
List the prime factors of 383194248.
2, 3, 15966427
List the prime factors of 3450268555.
5, 690053711
List the prime factors of 327431895.
3, 5, 7, 29, 293, 367
List the prime factors of 541537443.
3, 61, 857, 1151
List the prime factors of 12626792.
2, 19, 83071
What are the prime factors of 118416772?
2, 137, 281, 769
What are the prime factors of 483380040?
2, 3, 5, 11, 13, 17, 1657
List the prime factors of 40547552.
2, 97, 13063
List the prime factors of 5998534777.
5998534777
List the prime factors of 24694593.
3, 7, 11, 106903
List the prime factors of 868011385.
5, 103, 1685459
What are the prime factors of 1187698483?
37, 32099959
What are the prime factors of 39972462?
2, 3, 6662077
What are the prime factors of 142170669?
3, 97, 162853
What are the prime factors of 2348185801?
13, 109, 1657153
List the prime factors of 756882355.
5, 151376471
What are the prime factors of 633770222?
2, 139, 2279749
List the prime factors of 291773795.
5, 277, 293, 719
What are the prime factors of 6981232977?
3, 775692553
What are the prime factors of 269124271?
13, 103, 200989
List the prime factors of 569549514.
2, 3, 94924919
List the 